{"id":26,"date":"2014-04-11T21:05:17","date_gmt":"2014-04-11T19:05:17","guid":{"rendered":"http:\/\/77610.w10.wedos.ws\/?page_id=26"},"modified":"2021-03-19T12:25:40","modified_gmt":"2021-03-19T10:25:40","slug":"clenstvi-v-asociacich","status":"publish","type":"page","link":"https:\/\/www.lcm.cz\/de\/clenstvi-v-asociacich\/","title":{"rendered":"Mitgliedschaft"},"content":{"rendered":"<p><\/p>\n<ul>\n<li><a href=\"http:\/\/www.ddim.de\" target=\"_blank\" rel=\"noopener\">DDIM<\/a> &#8211; <strong>\u201eDachgesellschaft Deutsches Interim Management e.V.\u201c<\/strong>, Mitglied<\/li>\n<li><a href=\"http:\/\/www.brsi.de\" target=\"_blank\" rel=\"noopener\">BRSI<\/a> &#8211; <strong>\u201eBundesvereinigung Restrukturierung Sanierung und Interim Management e. V.\u201c<\/strong>, Mitglied<\/li>\n<li><a href=\"http:\/\/www.caim.cz\/\" target=\"_blank\" rel=\"noopener\">CAIM<\/a> &#8211; T<strong>schechische Assoziation von Interimmanagement, <\/strong>Mitglied<\/li>\n<li><a href=\"https:\/\/tschechien.ahk.de\/\">DTIHK<\/a>\u00a0&#8211;\u00a0<strong>Deutsch-Tschechische Industrie- und Handelskammer<\/strong><strong>,<\/strong>\u00a0Mitglied\n<p><strong>Das \u201eUnternehmen des Monats&#8220; M\u00e4rz 2021<br \/>\n<\/strong><a href=\"https:\/\/tschechien.ahk.de\/mitglieder\/unternehmen-des-monats\/das-unternehmen-des-monats-maerz-2021\">https:\/\/tschechien.ahk.de\/mitglieder\/unternehmen-des-monats\/das-unternehmen-des-monats-maerz-2021<\/a><\/li>\n<li><a title=\"Odkaz se po kliknut\u00ed otev\u0159e v nov\u00e9m okn\u011b prohl\u00ed\u017ee\u010de\" href=\"http:\/\/www.aimp.de\/\" target=\"_blank\" rel=\"noopener\">AIMP<\/a> ich arbeite zusammen und nehme an den Aktivit\u00e4ten, die AIMP (<strong>Arbeitskreis Interim Management Provider<\/strong>) f\u00fcr ihre Mitglieder veranstaltet, teil<\/li>\n<\/ul>\n<p><a href=\"https:\/\/www.lcm.cz\/wp-content\/uploads\/AIMP-Jahresforum.png\"><img loading=\"lazy\" decoding=\"async\" class=\"alignnone size-medium wp-image-172\" src=\"https:\/\/www.lcm.cz\/wp-content\/uploads\/AIMP-Jahresforum-300x213.png\" alt=\"AIMP Jahresforum\" width=\"300\" height=\"213\" srcset=\"https:\/\/www.lcm.cz\/wp-content\/uploads\/AIMP-Jahresforum-300x213.png 300w, https:\/\/www.lcm.cz\/wp-content\/uploads\/AIMP-Jahresforum.png 624w\" sizes=\"auto, (max-width: 300px) 100vw, 300px\" \/><\/a><\/p>\n<p>Foto: Workshop \u2013 \u201eExecutive exchange\u201c, AIMP-Jahres-Forum 2012, Relais &amp; Ch\u00e2teaux <a style=\"font-family: arial, geneva, helvetica, sans-serif; font-size: 12px;\" title=\"Odkaz se po kliknut\u00ed otev\u0159e v nov\u00e9m okn\u011b prohl\u00ed\u017ee\u010de\" href=\"http:\/\/www.burg-schwarzenstein.de\" target=\"_blank\" rel=\"noopener\">Burg Schwarzenstein<\/a><\/p>","protected":false},"excerpt":{"rendered":"<p>DDIM &#8211; \u201eDachgesellschaft Deutsches Interim Management e.V.\u201c, Mitglied BRSI &#8211; \u201eBundesvereinigung Restrukturierung Sanierung und Interim Management e. V.\u201c, Mitglied CAIM &#8211; Tschechische Assoziation von Interimmanagement, Mitglied DTIHK\u00a0&#8211;\u00a0Deutsch-Tschechische Industrie- und Handelskammer,\u00a0Mitglied Das \u201eUnternehmen des Monats&#8220; M\u00e4rz 2021 https:\/\/tschechien.ahk.de\/mitglieder\/unternehmen-des-monats\/das-unternehmen-des-monats-maerz-2021 AIMP ich arbeite&hellip; <\/p>\n","protected":false},"author":1,"featured_media":0,"parent":0,"menu_order":0,"comment_status":"closed","ping_status":"closed","template":"","meta":{"footnotes":""},"class_list":["post-26","page","type-page","status-publish","hentry"],"yoast_head":"<!-- This site is optimized with the Yoast SEO plugin v27.4 - https:\/\/yoast.com\/product\/yoast-seo-wordpress\/ -->\n<title>\u010clenstv\u00ed v asociac\u00edch | LCM\u00a0Interim Management SE<\/title>\n<meta name=\"robots\" content=\"index, follow, max-snippet:-1, max-image-preview:large, max-video-preview:-1\" \/>\n<link rel=\"canonical\" href=\"https:\/\/www.lcm.cz\/clenstvi-v-asociacich\/\" \/>\n<meta property=\"og:locale\" content=\"de_DE\" \/>\n<meta property=\"og:type\" content=\"article\" \/>\n<meta property=\"og:title\" content=\"\u010clenstv\u00ed v asociac\u00edch | LCM\u00a0Interim Management SE\" \/>\n<meta property=\"og:description\" content=\"DDIM &#8211; \u201eDachgesellschaft Deutsches Interim Management e.V.\u201c, Mitglied BRSI &#8211; \u201eBundesvereinigung Restrukturierung Sanierung und Interim Management e. V.\u201c, Mitglied CAIM &#8211; Tschechische Assoziation von Interimmanagement, Mitglied DTIHK\u00a0&#8211;\u00a0Deutsch-Tschechische Industrie- und Handelskammer,\u00a0Mitglied Das \u201eUnternehmen des Monats&#8220; M\u00e4rz 2021 https:\/\/tschechien.ahk.de\/mitglieder\/unternehmen-des-monats\/das-unternehmen-des-monats-maerz-2021 AIMP ich arbeite&hellip;\" \/>\n<meta property=\"og:url\" content=\"https:\/\/www.lcm.cz\/clenstvi-v-asociacich\/\" \/>\n<meta property=\"og:site_name\" content=\"LCM Interim Management\" \/>\n<meta property=\"article:modified_time\" content=\"2021-03-19T10:25:40+00:00\" \/>\n<meta property=\"og:image\" content=\"https:\/\/www.lcm.cz\/wp-content\/uploads\/AIMP-Jahresforum-300x213.png\" \/>\n<meta name=\"twitter:label1\" content=\"Gesch\u00e4tzte Lesezeit\" \/>\n\t<meta name=\"twitter:data1\" content=\"1\u00a0Minute\" \/>\n<script type=\"application\/ld+json\" class=\"yoast-schema-graph\">{\"@context\":\"https:\\\/\\\/schema.org\",\"@graph\":[{\"@type\":\"WebPage\",\"@id\":\"https:\\\/\\\/www.lcm.cz\\\/clenstvi-v-asociacich\\\/\",\"url\":\"https:\\\/\\\/www.lcm.cz\\\/clenstvi-v-asociacich\\\/\",\"name\":\"\u010clenstv\u00ed v asociac\u00edch | LCM\u00a0Interim Management SE\",\"isPartOf\":{\"@id\":\"https:\\\/\\\/www.lcm.cz\\\/#website\"},\"primaryImageOfPage\":{\"@id\":\"https:\\\/\\\/www.lcm.cz\\\/clenstvi-v-asociacich\\\/#primaryimage\"},\"image\":{\"@id\":\"https:\\\/\\\/www.lcm.cz\\\/clenstvi-v-asociacich\\\/#primaryimage\"},\"thumbnailUrl\":\"https:\\\/\\\/www.lcm.cz\\\/wp-content\\\/uploads\\\/AIMP-Jahresforum-300x213.png\",\"datePublished\":\"2014-04-11T19:05:17+00:00\",\"dateModified\":\"2021-03-19T10:25:40+00:00\",\"breadcrumb\":{\"@id\":\"https:\\\/\\\/www.lcm.cz\\\/clenstvi-v-asociacich\\\/#breadcrumb\"},\"inLanguage\":\"de\",\"potentialAction\":[{\"@type\":\"ReadAction\",\"target\":[\"https:\\\/\\\/www.lcm.cz\\\/clenstvi-v-asociacich\\\/\"]}]},{\"@type\":\"ImageObject\",\"inLanguage\":\"de\",\"@id\":\"https:\\\/\\\/www.lcm.cz\\\/clenstvi-v-asociacich\\\/#primaryimage\",\"url\":\"https:\\\/\\\/www.lcm.cz\\\/wp-content\\\/uploads\\\/AIMP-Jahresforum-300x213.png\",\"contentUrl\":\"https:\\\/\\\/www.lcm.cz\\\/wp-content\\\/uploads\\\/AIMP-Jahresforum-300x213.png\"},{\"@type\":\"BreadcrumbList\",\"@id\":\"https:\\\/\\\/www.lcm.cz\\\/clenstvi-v-asociacich\\\/#breadcrumb\",\"itemListElement\":[{\"@type\":\"ListItem\",\"position\":1,\"name\":\"Home\",\"item\":\"https:\\\/\\\/www.lcm.cz\\\/\"},{\"@type\":\"ListItem\",\"position\":2,\"name\":\"\u010clenstv\u00ed v asociac\u00edch\"}]},{\"@type\":\"WebSite\",\"@id\":\"https:\\\/\\\/www.lcm.cz\\\/#website\",\"url\":\"https:\\\/\\\/www.lcm.cz\\\/\",\"name\":\"LCM Interim Management\",\"description\":\"\",\"potentialAction\":[{\"@type\":\"SearchAction\",\"target\":{\"@type\":\"EntryPoint\",\"urlTemplate\":\"https:\\\/\\\/www.lcm.cz\\\/?s={search_term_string}\"},\"query-input\":{\"@type\":\"PropertyValueSpecification\",\"valueRequired\":true,\"valueName\":\"search_term_string\"}}],\"inLanguage\":\"de\"}]}<\/script>\n<!-- \/ Yoast SEO plugin. -->","yoast_head_json":{"title":"\u010clenstv\u00ed v asociac\u00edch | LCM\u00a0Interim Management SE","robots":{"index":"index","follow":"follow","max-snippet":"max-snippet:-1","max-image-preview":"max-image-preview:large","max-video-preview":"max-video-preview:-1"},"canonical":"https:\/\/www.lcm.cz\/clenstvi-v-asociacich\/","og_locale":"de_DE","og_type":"article","og_title":"\u010clenstv\u00ed v asociac\u00edch | LCM\u00a0Interim Management SE","og_description":"DDIM &#8211; \u201eDachgesellschaft Deutsches Interim Management e.V.\u201c, Mitglied BRSI &#8211; \u201eBundesvereinigung Restrukturierung Sanierung und Interim Management e. V.\u201c, Mitglied CAIM &#8211; Tschechische Assoziation von Interimmanagement, Mitglied DTIHK\u00a0&#8211;\u00a0Deutsch-Tschechische Industrie- und Handelskammer,\u00a0Mitglied Das \u201eUnternehmen des Monats&#8220; M\u00e4rz 2021 https:\/\/tschechien.ahk.de\/mitglieder\/unternehmen-des-monats\/das-unternehmen-des-monats-maerz-2021 AIMP ich arbeite&hellip;","og_url":"https:\/\/www.lcm.cz\/clenstvi-v-asociacich\/","og_site_name":"LCM Interim Management","article_modified_time":"2021-03-19T10:25:40+00:00","og_image":[{"url":"https:\/\/www.lcm.cz\/wp-content\/uploads\/AIMP-Jahresforum-300x213.png","type":"","width":"","height":""}],"twitter_misc":{"Gesch\u00e4tzte Lesezeit":"1\u00a0Minute"},"schema":{"@context":"https:\/\/schema.org","@graph":[{"@type":"WebPage","@id":"https:\/\/www.lcm.cz\/clenstvi-v-asociacich\/","url":"https:\/\/www.lcm.cz\/clenstvi-v-asociacich\/","name":"\u010clenstv\u00ed v asociac\u00edch | LCM\u00a0Interim Management SE","isPartOf":{"@id":"https:\/\/www.lcm.cz\/#website"},"primaryImageOfPage":{"@id":"https:\/\/www.lcm.cz\/clenstvi-v-asociacich\/#primaryimage"},"image":{"@id":"https:\/\/www.lcm.cz\/clenstvi-v-asociacich\/#primaryimage"},"thumbnailUrl":"https:\/\/www.lcm.cz\/wp-content\/uploads\/AIMP-Jahresforum-300x213.png","datePublished":"2014-04-11T19:05:17+00:00","dateModified":"2021-03-19T10:25:40+00:00","breadcrumb":{"@id":"https:\/\/www.lcm.cz\/clenstvi-v-asociacich\/#breadcrumb"},"inLanguage":"de","potentialAction":[{"@type":"ReadAction","target":["https:\/\/www.lcm.cz\/clenstvi-v-asociacich\/"]}]},{"@type":"ImageObject","inLanguage":"de","@id":"https:\/\/www.lcm.cz\/clenstvi-v-asociacich\/#primaryimage","url":"https:\/\/www.lcm.cz\/wp-content\/uploads\/AIMP-Jahresforum-300x213.png","contentUrl":"https:\/\/www.lcm.cz\/wp-content\/uploads\/AIMP-Jahresforum-300x213.png"},{"@type":"BreadcrumbList","@id":"https:\/\/www.lcm.cz\/clenstvi-v-asociacich\/#breadcrumb","itemListElement":[{"@type":"ListItem","position":1,"name":"Home","item":"https:\/\/www.lcm.cz\/"},{"@type":"ListItem","position":2,"name":"\u010clenstv\u00ed v asociac\u00edch"}]},{"@type":"WebSite","@id":"https:\/\/www.lcm.cz\/#website","url":"https:\/\/www.lcm.cz\/","name":"LCM Interim Management","description":"","potentialAction":[{"@type":"SearchAction","target":{"@type":"EntryPoint","urlTemplate":"https:\/\/www.lcm.cz\/?s={search_term_string}"},"query-input":{"@type":"PropertyValueSpecification","valueRequired":true,"valueName":"search_term_string"}}],"inLanguage":"de"}]}},"_links":{"self":[{"href":"https:\/\/www.lcm.cz\/de\/wp-json\/wp\/v2\/pages\/26","targetHints":{"allow":["GET"]}}],"collection":[{"href":"https:\/\/www.lcm.cz\/de\/wp-json\/wp\/v2\/pages"}],"about":[{"href":"https:\/\/www.lcm.cz\/de\/wp-json\/wp\/v2\/types\/page"}],"author":[{"embeddable":true,"href":"https:\/\/www.lcm.cz\/de\/wp-json\/wp\/v2\/users\/1"}],"replies":[{"embeddable":true,"href":"https:\/\/www.lcm.cz\/de\/wp-json\/wp\/v2\/comments?post=26"}],"version-history":[{"count":5,"href":"https:\/\/www.lcm.cz\/de\/wp-json\/wp\/v2\/pages\/26\/revisions"}],"predecessor-version":[{"id":1071,"href":"https:\/\/www.lcm.cz\/de\/wp-json\/wp\/v2\/pages\/26\/revisions\/1071"}],"wp:attachment":[{"href":"https:\/\/www.lcm.cz\/de\/wp-json\/wp\/v2\/media?parent=26"}],"curies":[{"name":"wp","href":"https:\/\/api.w.org\/{rel}","templated":true}]}}

<p></p>
<ul>
<li><a href="http://www.ddim.de" target="_blank" rel="noopener">DDIM</a> &#8211; <strong>„Dachgesellschaft Deutsches Interim Management e.V.“</strong>, Mitglied</li>
<li><a href="http://www.brsi.de" target="_blank" rel="noopener">BRSI</a> &#8211; <strong>„Bundesvereinigung Restrukturierung Sanierung und Interim Management e. V.“</strong>, Mitglied</li>
<li><a href="http://www.caim.cz/" target="_blank" rel="noopener">CAIM</a> &#8211; T<strong>schechische Assoziation von Interimmanagement, </strong>Mitglied</li>
<li><a href="https://tschechien.ahk.de/">DTIHK</a> &#8211; <strong>Deutsch-Tschechische Industrie- und Handelskammer</strong><strong>,</strong> Mitglied
<p><strong>Das „Unternehmen des Monats&#8220; März 2021<br />
</strong><a href="https://tschechien.ahk.de/mitglieder/unternehmen-des-monats/das-unternehmen-des-monats-maerz-2021">https://tschechien.ahk.de/mitglieder/unternehmen-des-monats/das-unternehmen-des-monats-maerz-2021</a></li>
<li><a title="Odkaz se po kliknutí otevře v novém okně prohlížeče" href="http://www.aimp.de/" target="_blank" rel="noopener">AIMP</a> ich arbeite zusammen und nehme an den Aktivitäten, die AIMP (<strong>Arbeitskreis Interim Management Provider</strong>) für ihre Mitglieder veranstaltet, teil</li>
</ul>
<p><a href="https://www.lcm.cz/wp-content/uploads/AIMP-Jahresforum.png"><img loading="lazy" decoding="async" class="alignnone size-medium wp-image-172" src="https://www.lcm.cz/wp-content/uploads/AIMP-Jahresforum-300x213.png" alt="AIMP Jahresforum" width="300" height="213" srcset="https://www.lcm.cz/wp-content/uploads/AIMP-Jahresforum-300x213.png 300w, https://www.lcm.cz/wp-content/uploads/AIMP-Jahresforum.png 624w" sizes="auto, (max-width: 300px) 100vw, 300px" /></a></p>
<p>Foto: Workshop – „Executive exchange“, AIMP-Jahres-Forum 2012, Relais &amp; Châteaux <a style="font-family: arial, geneva, helvetica, sans-serif; font-size: 12px;" title="Odkaz se po kliknutí otevře v novém okně prohlížeče" href="http://www.burg-schwarzenstein.de" target="_blank" rel="noopener">Burg Schwarzenstein</a></p>

<p>DDIM &#8211; „Dachgesellschaft Deutsches Interim Management e.V.“, Mitglied BRSI &#8211; „Bundesvereinigung Restrukturierung Sanierung und Interim Management e. V.“, Mitglied CAIM &#8211; Tschechische Assoziation von Interimmanagement, Mitglied DTIHK &#8211; Deutsch-Tschechische Industrie- und Handelskammer, Mitglied Das „Unternehmen des Monats&#8220; März 2021 https://tschechien.ahk.de/mitglieder/unternehmen-des-monats/das-unternehmen-des-monats-maerz-2021 AIMP ich arbeite&hellip; </p>

<!-- This site is optimized with the Yoast SEO plugin v27.4 - https://yoast.com/product/yoast-seo-wordpress/ -->
<title>Členství v asociacích | LCM Interim Management SE</title>
<meta name="robots" content="index, follow, max-snippet:-1, max-image-preview:large, max-video-preview:-1" />
<link rel="canonical" href="https://www.lcm.cz/clenstvi-v-asociacich/" />
<meta property="og:locale" content="de_DE" />
<meta property="og:type" content="article" />
<meta property="og:title" content="Členství v asociacích | LCM Interim Management SE" />
<meta property="og:description" content="DDIM &#8211; „Dachgesellschaft Deutsches Interim Management e.V.“, Mitglied BRSI &#8211; „Bundesvereinigung Restrukturierung Sanierung und Interim Management e. V.“, Mitglied CAIM &#8211; Tschechische Assoziation von Interimmanagement, Mitglied DTIHK &#8211; Deutsch-Tschechische Industrie- und Handelskammer, Mitglied Das „Unternehmen des Monats&#8220; März 2021 https://tschechien.ahk.de/mitglieder/unternehmen-des-monats/das-unternehmen-des-monats-maerz-2021 AIMP ich arbeite&hellip;" />
<meta property="og:url" content="https://www.lcm.cz/clenstvi-v-asociacich/" />
<meta property="og:site_name" content="LCM Interim Management" />
<meta property="article:modified_time" content="2021-03-19T10:25:40+00:00" />
<meta property="og:image" content="https://www.lcm.cz/wp-content/uploads/AIMP-Jahresforum-300x213.png" />
<meta name="twitter:label1" content="Geschätzte Lesezeit" />
	<meta name="twitter:data1" content="1 Minute" />
<script type="application/ld+json" class="yoast-schema-graph">{"@context":"https:\/\/schema.org","@graph":[{"@type":"WebPage","@id":"https:\/\/www.lcm.cz\/clenstvi-v-asociacich\/","url":"https:\/\/www.lcm.cz\/clenstvi-v-asociacich\/","name":"Členství v asociacích | LCM Interim Management SE","isPartOf":{"@id":"https:\/\/www.lcm.cz\/#website"},"primaryImageOfPage":{"@id":"https:\/\/www.lcm.cz\/clenstvi-v-asociacich\/#primaryimage"},"image":{"@id":"https:\/\/www.lcm.cz\/clenstvi-v-asociacich\/#primaryimage"},"thumbnailUrl":"https:\/\/www.lcm.cz\/wp-content\/uploads\/AIMP-Jahresforum-300x213.png","datePublished":"2014-04-11T19:05:17+00:00","dateModified":"2021-03-19T10:25:40+00:00","breadcrumb":{"@id":"https:\/\/www.lcm.cz\/clenstvi-v-asociacich\/#breadcrumb"},"inLanguage":"de","potentialAction":[{"@type":"ReadAction","target":["https:\/\/www.lcm.cz\/clenstvi-v-asociacich\/"]}]},{"@type":"ImageObject","inLanguage":"de","@id":"https:\/\/www.lcm.cz\/clenstvi-v-asociacich\/#primaryimage","url":"https:\/\/www.lcm.cz\/wp-content\/uploads\/AIMP-Jahresforum-300x213.png","contentUrl":"https:\/\/www.lcm.cz\/wp-content\/uploads\/AIMP-Jahresforum-300x213.png"},{"@type":"BreadcrumbList","@id":"https:\/\/www.lcm.cz\/clenstvi-v-asociacich\/#breadcrumb","itemListElement":[{"@type":"ListItem","position":1,"name":"Home","item":"https:\/\/www.lcm.cz\/"},{"@type":"ListItem","position":2,"name":"Členství v asociacích"}]},{"@type":"WebSite","@id":"https:\/\/www.lcm.cz\/#website","url":"https:\/\/www.lcm.cz\/","name":"LCM Interim Management","description":"","potentialAction":[{"@type":"SearchAction","target":{"@type":"EntryPoint","urlTemplate":"https:\/\/www.lcm.cz\/?s={search_term_string}"},"query-input":{"@type":"PropertyValueSpecification","valueRequired":true,"valueName":"search_term_string"}}],"inLanguage":"de"}]}</script>
<!-- / Yoast SEO plugin. -->

Členství v asociacích | LCM Interim Management SE

DDIM &#8211; „Dachgesellschaft Deutsches Interim Management e.V.“, Mitglied BRSI &#8211; „Bundesvereinigung Restrukturierung Sanierung und Interim Management e. V.“, Mitglied CAIM &#8211; Tschechische Assoziation von Interimmanagement, Mitglied DTIHK &#8211; Deutsch-Tschechische Industrie- und Handelskammer, Mitglied Das „Unternehmen des Monats&#8220; März 2021 https://tschechien.ahk.de/mitglieder/unternehmen-des-monats/das-unternehmen-des-monats-maerz-2021 AIMP ich arbeite&hellip;

Členství v asociacích
